r when 1304 is divided by 2.
0
What is the remainder when 893 is divided by 8?
5
What is the remainder when 535 is divided by 9?
4
What is the remainder when 9569 is divided by 18?
11
Calculate the remainder when 57 is divided by 17.
6
Calculate the remainder when 878 is divided by 59.
52
Calculate the remainder when 848 is divided by 59.
22
What is the remainder when 4444 is divided by 38?
36
Calculate the remainder when 540 is divided by 109.
104
What is the remainder when 343 is divided by 124?
95
What is the remainder when 420 is divided by 47?
44
Calculate the remainder when 16306 is divided by 6.
4
Calculate the remainder when 1053 is divided by 84.
45
What is the remainder when 20060 is divided by 44?
40
What is the remainder when 2456 is divided by 490?
6
What is the remainder when 1532 is divided by 508?
8
What is the remainder when 78567 is divided by 184?
183
What is the remainder when 281 is divided by 57?
53
Calculate the remainder when 678 is divided by 97.
96
Calculate the remainder when 150 is divided by 21.
3
What is the remainder when 1317 is divided by 33?
30
What is the remainder when 143 is divided by 37?
32
What is the remainder when 504 is divided by 157?
33
Calculate the remainder when 1582 is divided by 21.
7
What is the remainder when 165 is divided by 14?
11
Calculate the remainder when 49 is divided by 3.
1
Calculate the remainder when 195 is divided by 70.
55
Calculate the remainder when 6207 is divided by 69.
66
What is the remainder when 193 is divided by 91?
11
What is the remainder when 1139 is divided by 88?
83
What is the remainder when 380 is divided by 181?
18
What is the remainder when 5746 is divided by 15?
1
Calculate the remainder when 371 is divided by 34.
31
Calculate the remainder when 985 is divided by 76.
73
What is the remainder when 6045 is divided by 126?
123
What is the remainder when 448 is divided by 55?
8
What is the remainder when 4591 is divided by 56?
55
Calculate the remainder when 364 is divided by 41.
36
Calculate the remainder when 125 is divided by 7.
6
Calculate the remainder when 98 is divided by 56.
42
What is the remainder when 589 is divided by 22?
17
Calculate the remainder when 961 is divided by 239.
5
What is the remainder when 641 is divided by 28?
25
What is the remainder when 2322 is divided by 47?
19
What is the remainder when 20 is divided by 9?
2
Calculate the remainder when 832 is divided by 139.
137
Calculate the remainder when 841 is divided by 65.
61
What is the remainder when 292 is divided by 136?
20
Calculate the remainder when 38 is divided by 31.
7
What is the remainder when 836 is divided by 140?
136
Calculate the remainder when 4156 is divided by 8.
4
Calculate the remainder when 885 is divided by 7.
3
Calculate the remainder when 118 is divided by 7.
6
Calculate the remainder when 157 is divided by 87.
70
What is the remainder when 261 is divided by 135?
126
Calculate the remainder when 72 is divided by 35.
2
Calculate the remainder when 8040 is divided by 43.
42
What is the remainder when 183 is divided by 62?
59
Calculate the remainder when 473 is divided by 245.
228
What is the remainder when 236 is divided by 48?
44
Calculate the remainder when 114 is divided by 17.
12
What is the remainder when 597 is divided by 68?
53
Calculate the remainder when 104 is divided by 54.
50
What is the remainder when 685 is divided by 86?
83
What is the remainder when 185 is divided by 63?
59
What is the remainder when 79 is divided by 21?
16
What is the remainder when 287 is divided by 91?
14
Calculate the remainder when 72 is divided by 20.
12
What is the remainder when 196 is divided by 118?
78
Calculate the remainder when 16 is divided by 6.
4
What is the remainder when 85 is divided by 33?
19
Calculate the remainder when 1311 is divided by 16.
15
What is the remainder when 4267 is divided by 22?
21
What is the remainder when 1086 is divided by 58?
42
What is the remainder when 2745 is divided by 391?
8
What is the remainder when 148 is divided by 14?
8
Calculate the remainder when 168 is divided by 95.
73
Calculate the remainder when 193 is divided by 39.
37
Calculate the remainder when 1120 is divided by 42.
28
What is the remainder when 110 is divided by 8?
6
What is the remainder when 1497 is divided by 93?
9
What is the remainder when 124 is divided by 26?
20
Calculate the remainder when 8227 is divided by 58.
49
What is the remainder when 704 is divided by 671?
33
Calculate the remainder when 2186 is divided by 25.
11
Calculate the remainder when 80 is divided by 25.
5
What is the remainder when 183 is divided by 40?
23
What is the remainder when 2663 is divided by 116?
111
What is the remainder when 1598 is divided by 789?
20
Calculate the remainder when 193 is divided by 21.
4
Calculate the remainder when 200 is divided by 5.
0
Calculate the remainder when 884 is divided by 15.
14
Calculate the remainder when 1497 is divided by 1495.
2
Calculate the remainder when 161 is divided by 94.
67
Calculate the remainder when 133 is divided by 52.
29
What is the remainder when 958 is divided by 381?
196
Calculate the remainder when 404 is divided by 29.
27
What is the remainder when 482 is divided by 35?
27
Calculate the remainder when 356 is divided by 21.
20
Calculate the remainder when 707 is divided by 7.
0
What is the remainder when 99 is divided by 28?
15
What is the remainder when 688 is divided by 37?
22
Calculate the remainder when 508 is divided by 88.
68
Calculate the remainder when 817 is divided by 106.
75
What is the remainder when 2660 is divided by 97?
41
What is the remainder when 45 is divided by 30?
15
Calculate the remainder when 142 is divided by 18.
16
Calculate the remainder when 2902 is divided by 44.
42
What is the remainder when 388 is divided by 49?
45
Calculate the remainder when 254 is divided by 245.
9
Calculate the remainder when 169 is divided by 47.
28
Calculate the remainder when 309 is divided by 155.
154
What is the remainder when 4183 is divided by 27?
25
What is the remainder when 1093 is divided by 15?
13
What is the remainder when 28 is divided by 15?
13
Calculate the remainder when 1440 is divided by 103.
101
What is the remainder when 2322 is divided by 70?
12
Calculate the remainder when 5 is divided by 5.
0
Calculate the remainder when 37 is divided by 26.
11
What is the remainder when 10 is divided by 8?
2
Calculate the remainder when 584 is divided by 65.
64
Calculate the remainder when 411 is divided by 83.
79
Calculate the remainder when 99 is divided by 20.
19
Calculate the remainder when 2961 is divided by 38.
35
Calculate the remainder when 17089 is divided by 111.
106
Calculate the remainder when 696 is divided by 639.
57
What is the remainder when 492 is divided by 21?
9
What is the remainder when 1138 is divided by 141?
10
What is the remainder when 265 is divided by 91?
83
Calculate the remainder when 336 is divided by 56.
0
What is the remainder when 1926 is divided by 49?
15
What is the remainder when 38 is divided by 20?
18
What is the remainder when 2267 is divided by 126?
125
What is the remainder when 619 is divided by 21?
10
Calculate the remainder when 4199 is divided by 8.
7
Calculate the remainder when 479 is divided by 37.
35
Calculate the remainder when 43 is divided by 6.
1
What is the remainder when 1133 is divided by 43?
15
Calculate the remainder when 740 is divided by 16.
4
What is the remainder when 80 is divided by 27?
26
What is the remainder when 199 is divided by 15?
4
What is the remainder when 703 is divided by 4?
3
What is the remainder when 1422 is divided by 25?
22
Calculate the remainder when 6 is divided by 6.
0
What is the remainder when 1734 is divided by 94?
42
Calculate the remainder when 37727 is divided by 29.
27
Calculate the remainder when 1246 is divided by 114.
106
What is the remainder when 867 is divided by 157?
82
What is the remainder when 363 is divided by 39?
12
What is the remainder when 2724 is divided by 47?
45
What is the remainder when 149 is divided by 23?
11
What is the remainder when 419 is divided by 60?
59
Calculate the remainder when 235 is divided by 28.
11
Calculate the remainder when 13636 is divided by 220.
216
What is the remainder when 76 is divided